 134. What is the units digit of v?
6
Let x = 7 + -9. Let d = 7 + x. What is the units digit of d?
5
Suppose -3*c + 15 = 2*c. Suppose -4*y + i + 20 = 0, 2*i = -c*y - i. What is the units digit of y?
4
Let n = 1 + -3. Let o(b) = b**2 + b - 1. What is the units digit of o(n)?
1
Suppose -5*y + 18 = d, -d = d - 6. What is the units digit of y?
3
Let x = 17 - -14. Suppose -4*c = -33 - x. What is the units digit of c?
6
Let h(a) = a**3 + 6*a**2 + 5*a - 4. Let y be ((-12)/(-15))/((-1)/5). Let t be h(y). Suppose -3*o = -4*o + t. What is the units digit of o?
8
Suppose 0*g + 117 = 3*g. Let m = -22 + g. What is the units digit of m?
7
Let q(l) = 6*l - 10. Let x be q(3). Let s = -17 - -67. Suppose -s = 3*t - x*t. What is the tens digit of t?
1
Let c be 2 - 0 - (0 + 7). What is the tens digit of (c/(-5))/(3/129)?
4
Let k(a) = -a - 8. Let q be k(-8). Let w = 9 + q. What is the units digit of w?
9
Let v be (0/1)/(-3 - -4). Suppose -3*b - 4*j - 16 + 87 = v, -4*j = -8. What is the units digit of b?
1
Suppose -2*p = 2*p - 3*g + 95, 2*g + 10 = -p. Let n be 808/p - (-4)/10. What is the units digit of ((-6)/(-15))/((-2)/n)?
8
What is the units digit of 60/45*(-15)/(-2)?
0
Let p(b) = -b - 3. Let y be p(3). What is the units digit of (4/(-5))/(y/165)?
2
Let b = 166 - 15. What is the units digit of (-4)/(-18) + b/9?
7
Let i = 29 - 26. Suppose 4*d + m = 175, i*d - 5*m - 93 = d. What is the tens digit of d?
4
Suppose -k + 0*k + 3 = 0. Suppose -4*b - 4 = -i, -2*b = -6*i + k*i + 12. What is the units digit of i?
4
Suppose 0*k + 5*k - 35 = 0. What is the units digit of k?
7
Let f be 6/(-2) - -1*13. Let i be (-10)/2 - (1 - 1). Let k = i + f. What is the units digit of k?
5
Let b = 26 + -13. Suppose -3*w - 5*c + 41 - 2 = 0, -c - b = -2*w. What is the units digit of w?
8
Let p = 5 + -6. Let l(h) = -5*h**3 + h**2 - 2*h + 4. Let w(j) = -5*j**3 + j**2 - j + 3. Let d(f) = -2*l(f) + 3*w(f). What is the units digit of d(p)?
6
Suppose -4*c = -8*c - 80. Let d be -11 + (-3 - -2) + 3 + -3. Let j = d - c. What is the units digit of j?
8
Let t(d) = d**3 - 5*d**2 - 4*d - 8. Suppose 0*c - 4*c = -n - 27, -4*n + 18 = 5*c. Let m be t(c). Let j = m - -3. What is the units digit of j?
7
Let j be ((-30)/(-4))/(15/20). Suppose 3*r + 6*o + j = 2*o, -2*o = 5*r - 2. Suppose -3 = -h - 4*c - 5, r*h = -4*c. What is the units digit of h?
2
What is the units digit of 23 - 1 - (31 + -35)?
6
Let y(k) = -k**2 - 3*k + 3. Let i be y(-6). Let s be (i/(-4))/(6/24). Let m = 2 + s. What is the tens digit of m?
1
What is the hundreds digit of (-37 - 9)/(4/(-10))?
1
Suppose 5*m - 13*m + 1280 = 0. What is the hundreds digit of m?
1
Let a(d) = 3*d**3 + 2*d**2 - 6*d + 6. What is the units digit of a(2)?
6
Suppose -19 = -2*u + 5. Suppose u - 36 = -4*t. What is the units digit of t?
6
Suppose -5*i + 69 + 256 = 0. What is the tens digit of i?
6
Suppose -121 = -7*p + 467. What is the units digit of p?
4
Let i be (-1)/3*(-23 - 1). What is the units digit of ((-40)/32)/((-1)/i)?
0
Let g = -21 + 50. What is the units digit of g?
9
Suppose 0 = -3*z + 3*j + 45, 15 = 4*z + 7*j - 2*j. What is the units digit of -2 - (2 + -3)*z?
8
What is the tens digit of 450/3 - (0 + -2)?
5
What is the units digit of (-26)/(-12)*36/6?
3
Suppose -4*r + 7*r - 9 = 0. Suppose -52 = -4*v - 3*n, 5*n + 14 = r*v + 4. What is the tens digit of v?
1
Let n = 2 - 0. Suppose -2*m - n*m = -16. Suppose m*t + 40 = 9*t. What is the units digit of t?
8
Let b be (10/(-6))/((-2)/(-6)). Suppose 4*c + 5*v - 15 - 32 = 0, 9 = c + 4*v. Let p = c + b. What is the units digit of p?
8
Suppose -c + 60 = 3*c. Suppose 0 = j + 3*o - 8, 5*o + c = 8*j - 4*j. What is the tens digit of (-2)/j - (-52)/5?
1
Let b be (-4)/(-4) + -6*3. Let t = -8 - b. What is the units digit of t?
9
Suppose 2*k - 13 = 2*u - 39, -4*k = -2*u + 42. Let f = -4 + 1. Let j = f - k. What is the units digit of j?
5
Let c be 114/22 - 6/33. Suppose 4*g - 44 = -3*u, c = g + 3. What is the tens digit of u?
1
Let a = -38 + 70. Suppose 5*d = 3*v - a, -v = -6*v + 3*d + 64. What is the tens digit of v?
1
Let n(t) be the first derivative of 8*t**3/3 + t**2/2 - 6. What is the units digit of n(-1)?
7
Let q(m) = 2*m - 2. What is the units digit of q(8)?
4
Suppose -3*l = l - 4. What is the units digit of l?
1
Let w(y) be the first derivative of -7*y**4/4 - y**2/2 - 1. Let h be w(1). Let m = h - -13. What is the units digit of m?
5
Let u(q) be the second derivative of q**5/20 + 7*q**4/12 + 7*q**3/6 + 2*q**2 - 4*q. What is the tens digit of u(-4)?
2
Let d(o) = -3*o**2 - 2*o + 1. Let w(g) = g**2. Suppose 4*i = -5*v + 7, -2*v + 0*i = i - 1. Let u(s) = v*d(s) + 5*w(s). What is the units digit of u(1)?
9
Let x = 0 + 4. Let l(k) = 0 - k**3 + 6*k**2 - 3 - 1 + 2 - 4*k. What is the tens digit of l(x)?
1
Let j(q) = 13*q**2 - 2. Let k be j(2). Let o = k - 30. What is the units digit of o?
0
Let t = 2 + 3. Suppose -t*m + 37 - 7 = 0. What is the units digit of m?
6
Let x = -31 + 10. Let r be 2 - (1 + x/3). Let t = r + -2. What is the units digit of t?
6
Let v be (-1)/3 + 6/(-9). What is the tens digit of v + -2 + (2 - -24)?
2
Let k = -61 + 124. Let z = 102 - k. What is the units digit of z?
9
Suppose -7*d - 85 = -421. What is the units digit of d?
8
Suppose -5*p = 13 - 3. Let o = 10 - p. What is the units digit of o?
2
Let s(x) = -8*x + 1. Let q be s(-1). Let h = 19 - q. What is the units digit of h?
0
Let k = 78 + -45. What is the units digit of k?
3
Let f = -6 + 6. Suppose 0 = -3*a + 6 - f. What is the units digit of a?
2
Let i(q) = 3*q - 6. Let a be i(4). What is the units digit of (-52)/(-5) + a/(-15)?
0
Suppose 0 = -2*x, -3*x = -5*i + x. What is the units digit of 4 - (i + 1 + -1)?
4
Suppose -4*y - 3*c + 27 = 0, -4*y - c - 8 = -5*c. Suppose y*j = 4*l - 0*j - 100, -3*l + 62 = j. What is the tens digit of l?
2
Let x(s) = -s**2 + 5*s - 1. Let i be x(2). Suppose z - i*z + 36 = 0. Suppose -z = 4*q - 5*q. What is the units digit of q?
9
Suppose -2*n + 3*f = 3, 5*f = 2*n + f + 8. Let u(b) = b**3 + 6*b**2 + 5*b - 2. Let r be u(-4). Let w = r - n. What is the units digit of w?
4
Suppose -1090 = -4*t + 2*h, 6*t - 4*t - 551 = 3*h. What is the tens digit of t?
7
Suppose -2*p - 28 = -10. Let s = p - -14. What is the units digit of s?
5
Let d = 3 - 0. Suppose -d*f + 0*v = v - 19, -31 = -5*f - v. What is the units digit of f?
6
Let s(m) = 3*m**3 + 13*m**2 + 4*m + 17. Let v(a) = 7*a**3 + 26*a**2 + 9*a + 35. Let j(l) = 9*s(l) - 4*v(l). What is the tens digit of j(13)?
1
Let q(f) = f**2 - 7*f - 5. Let h(i) = -2*i - 3. Let o be h(-5). Let k be q(o). What is the units digit of (-25)/10*18/k?
9
Let r(n) = n**3 + 10*n**2 - 10*n + 16. Let h be r(-11). Suppose -4*q = 3*p + 3 - h, p - q = 3. What is the units digit of p/(-5) - 32/(-5)?
6
Let f = 3 + -6. Let p = f + 5. Suppose p*r + 3 = 5*r. What is the units digit of r?
1
Let n(t) be the first derivative of -5/2*t**2 + 3 - 1/4*t**4 - 2*t + 2*t**3. What is the units digit of n(4)?
0
Let b(t) be the third derivative of t**5/20 + t**4/8 + t**3/2 - 3*t**2. What is the units digit of b(-2)?
9
Suppose -195 = -3*v + 33. What is the units digit of v?
6
Let r(p) = -p**3 + 9*p**2 - 7*p. What is the tens digit of r(7)?
4
Let y = 7 - 3. Let l be 5 - (y + -2)/1. What is the units digit of ((-2)/3)/(l/(-9))?
2
Let x(d) = 11*d**2 + 14*d - 5. What is the units digit of x(4)?
7
Let v(y) = 5*y - 8. Let u be v(8). What is the units digit of u/18 - (-8)/36?
2
Suppose 5*u = 18 - 3. Suppose -4*q + 12 = 0, -2*z - u*q + 41 + 0 = 0. What is the tens digit of z?
1
Let p(u) = u**3 - 8*u**2 + 7*u. Let j be p(7). Suppose j = -a + 7 + 9. What is the units digit of a?
6
Suppose 66 = -0*s + 5*s + g, 5*g = s - 8. Let p = 38 - s. What is the units digit of p?
5
Let a = -220 + 483. What is the units digit of a?
3
Suppose -2 = o - 0*o. Let l be 3/o*(-8)/6. What is the units digit of l + -5 + 1 + 3?
1
Suppose -5*y = -298 - 652. What is the units digit of y?
0
Let m = 25 - 20. Suppose m*j = 4*j + 15. What is the units digit of j?
5
Suppose -2*p = -5*p + 3*a + 120, 3*p - 108 = -a. What is the units digit of p?
7
Let q(z) = 13*z - 7. What is the units digit of q(3)?
2
Suppose -5*g + 960 = 7*g. What is the tens digit of g?
8
Let u(y) = 380*y**2 - 7*y + 5. What is the hundreds digit of u(1)?
3
Let r be ((-1)/(-3))/(2/48). Let p(d) = -d + 